{"id":13,"date":"2022-08-25T23:44:11","date_gmt":"2022-08-25T23:44:11","guid":{"rendered":"https:\/\/jason.daoustjeremy.ca\/?page_id=13"},"modified":"2024-08-15T18:17:30","modified_gmt":"2024-08-15T18:17:30","slug":"le-nouveau-umoma-ouvre-ses-portes-2","status":"publish","type":"page","link":"https:\/\/bonheurenboule.ca\/","title":{"rendered":"Un programme de Dek Hockey adapt\u00e9 !"},"content":{"rendered":"\n<p><\/p>\n\n\n\n<p><\/p>\n\n\n\n<div class=\"wp-block-group alignwide\"><div class=\"wp-block-group__inner-container is-layout-flow wp-block-group-is-layout-flow\">\n<figure class=\"wp-block-video\"><\/figure>\n\n\n\n<p class=\"has-text-align-center\"><strong>Bonheur en boule est un programme visant la participation des jeunes ayant des besoins particuliers \u00e0 pratiquer une activit\u00e9 sportive selon leurs propres besoins. L\u2019objectif principal du programme est avant tout&nbsp;: le bien-\u00eatre, le plaisir, la s\u00e9curit\u00e9 et l&rsquo;inclusion des participants.<\/strong><\/p>\n\n\n\n<hr class=\"wp-block-separator has-alpha-channel-opacity\"\/>\n\n\n\n<p><\/p>\n<\/div><\/div>\n\n\n\n<div class=\"wp-block-columns alignwide is-layout-flex wp-container-core-columns-is-layout-9d6595d7 wp-block-columns-is-layout-flex\">\n<div class=\"wp-block-column is-layout-flow wp-block-column-is-layout-flow\">\n<div class=\"wp-block-group\"><div class=\"wp-block-group__inner-container is-layout-flow wp-block-group-is-layout-flow\">\n<figure class=\"wp-block-image alignfull size-large\"><img loading=\"lazy\" decoding=\"async\" width=\"1024\" height=\"688\" src=\"https:\/\/jason.daoustjeremy.ca\/wp-content\/uploads\/2022\/08\/295058048_521980986358390_7263676230203527212_n-1024x688.jpg\" alt=\"\" class=\"wp-image-67\" srcset=\"https:\/\/bonheurenboule.ca\/wp-content\/uploads\/2022\/08\/295058048_521980986358390_7263676230203527212_n-1024x688.jpg 1024w, https:\/\/bonheurenboule.ca\/wp-content\/uploads\/2022\/08\/295058048_521980986358390_7263676230203527212_n-300x201.jpg 300w, https:\/\/bonheurenboule.ca\/wp-content\/uploads\/2022\/08\/295058048_521980986358390_7263676230203527212_n-768x516.jpg 768w, https:\/\/bonheurenboule.ca\/wp-content\/uploads\/2022\/08\/295058048_521980986358390_7263676230203527212_n-1536x1031.jpg 1536w, https:\/\/bonheurenboule.ca\/wp-content\/uploads\/2022\/08\/295058048_521980986358390_7263676230203527212_n-1200x806.jpg 1200w, https:\/\/bonheurenboule.ca\/wp-content\/uploads\/2022\/08\/295058048_521980986358390_7263676230203527212_n-1980x1329.jpg 1980w, https:\/\/bonheurenboule.ca\/wp-content\/uploads\/2022\/08\/295058048_521980986358390_7263676230203527212_n.jpg 2048w\" sizes=\"auto, (max-width: 1024px) 100vw, 1024px\" \/><\/figure>\n\n\n\n<h2 class=\"wp-block-heading\"><\/h2>\n<\/div><\/div>\n\n\n\n<div class=\"wp-block-group\"><div class=\"wp-block-group__inner-container is-layout-flow wp-block-group-is-layout-flow\">\n<figure class=\"wp-block-image alignfull size-large\"><img loading=\"lazy\" decoding=\"async\" width=\"768\" height=\"1024\" src=\"https:\/\/jason.daoustjeremy.ca\/wp-content\/uploads\/2022\/09\/jAY-ET-ETIENNE-768x1024.jpg\" alt=\"\" class=\"wp-image-83\" srcset=\"https:\/\/bonheurenboule.ca\/wp-content\/uploads\/2022\/09\/jAY-ET-ETIENNE-768x1024.jpg 768w, https:\/\/bonheurenboule.ca\/wp-content\/uploads\/2022\/09\/jAY-ET-ETIENNE-225x300.jpg 225w, https:\/\/bonheurenboule.ca\/wp-content\/uploads\/2022\/09\/jAY-ET-ETIENNE-1152x1536.jpg 1152w, https:\/\/bonheurenboule.ca\/wp-content\/uploads\/2022\/09\/jAY-ET-ETIENNE-1200x1600.jpg 1200w, https:\/\/bonheurenboule.ca\/wp-content\/uploads\/2022\/09\/jAY-ET-ETIENNE.jpg 1512w\" sizes=\"auto, (max-width: 768px) 100vw, 768px\" \/><\/figure>\n\n\n\n<h3 class=\"wp-block-heading\"><\/h3>\n\n\n\n<p><\/p>\n\n\n\n<div class=\"wp-block-buttons is-layout-flex wp-block-buttons-is-layout-flex\"><\/div>\n<\/div><\/div>\n<\/div>\n\n\n\n<div class=\"wp-block-column is-layout-flow wp-block-column-is-layout-flow\">\n<div class=\"wp-block-group\"><div class=\"wp-block-group__inner-container is-layout-flow wp-block-group-is-layout-flow\">\n<figure class=\"wp-block-image alignfull size-large\"><img loading=\"lazy\" decoding=\"async\" width=\"1024\" height=\"688\" src=\"https:\/\/jason.daoustjeremy.ca\/wp-content\/uploads\/2022\/08\/299827982_455872529927333_518507412389965637_n-1024x688.jpg\" alt=\"\" class=\"wp-image-68\" srcset=\"https:\/\/bonheurenboule.ca\/wp-content\/uploads\/2022\/08\/299827982_455872529927333_518507412389965637_n-1024x688.jpg 1024w, https:\/\/bonheurenboule.ca\/wp-content\/uploads\/2022\/08\/299827982_455872529927333_518507412389965637_n-300x201.jpg 300w, https:\/\/bonheurenboule.ca\/wp-content\/uploads\/2022\/08\/299827982_455872529927333_518507412389965637_n-768x516.jpg 768w, https:\/\/bonheurenboule.ca\/wp-content\/uploads\/2022\/08\/299827982_455872529927333_518507412389965637_n-1536x1031.jpg 1536w, https:\/\/bonheurenboule.ca\/wp-content\/uploads\/2022\/08\/299827982_455872529927333_518507412389965637_n-1200x806.jpg 1200w, https:\/\/bonheurenboule.ca\/wp-content\/uploads\/2022\/08\/299827982_455872529927333_518507412389965637_n-1980x1329.jpg 1980w, https:\/\/bonheurenboule.ca\/wp-content\/uploads\/2022\/08\/299827982_455872529927333_518507412389965637_n.jpg 2048w\" sizes=\"auto, (max-width: 1024px) 100vw, 1024px\" \/><\/figure>\n\n\n\n<h3 class=\"wp-block-heading\"><\/h3>\n<\/div><\/div>\n\n\n\n<div class=\"wp-block-group\"><div class=\"wp-block-group__inner-container is-layout-flow wp-block-group-is-layout-flow\">\n<figure class=\"wp-block-image size-large\"><img loading=\"lazy\" decoding=\"async\" width=\"768\" height=\"1024\" src=\"https:\/\/jason.daoustjeremy.ca\/wp-content\/uploads\/2022\/09\/cONCENTRATION-768x1024.jpg\" alt=\"\" class=\"wp-image-87\" srcset=\"https:\/\/bonheurenboule.ca\/wp-content\/uploads\/2022\/09\/cONCENTRATION-768x1024.jpg 768w, https:\/\/bonheurenboule.ca\/wp-content\/uploads\/2022\/09\/cONCENTRATION-225x300.jpg 225w, https:\/\/bonheurenboule.ca\/wp-content\/uploads\/2022\/09\/cONCENTRATION-1152x1536.jpg 1152w, https:\/\/bonheurenboule.ca\/wp-content\/uploads\/2022\/09\/cONCENTRATION-1200x1600.jpg 1200w, https:\/\/bonheurenboule.ca\/wp-content\/uploads\/2022\/09\/cONCENTRATION.jpg 1536w\" sizes=\"auto, (max-width: 768px) 100vw, 768px\" \/><\/figure>\n\n\n\n<h3 class=\"wp-block-heading\"><\/h3>\n<\/div><\/div>\n<\/div>\n<\/div>\n\n\n\n<figure class=\"wp-block-gallery alignwide has-nested-images columns-default is-cropped wp-block-gallery-1 is-layout-flex wp-block-gallery-is-layout-flex\">\n<figure class=\"wp-block-image size-large\"><img loading=\"lazy\" decoding=\"async\" width=\"1024\" height=\"576\" data-id=\"134\" src=\"https:\/\/jason.daoustjeremy.ca\/wp-content\/uploads\/2022\/09\/YOUPI-1024x576.jpg\" alt=\"\" class=\"wp-image-134\" srcset=\"https:\/\/bonheurenboule.ca\/wp-content\/uploads\/2022\/09\/YOUPI-1024x576.jpg 1024w, https:\/\/bonheurenboule.ca\/wp-content\/uploads\/2022\/09\/YOUPI-300x169.jpg 300w, https:\/\/bonheurenboule.ca\/wp-content\/uploads\/2022\/09\/YOUPI-768x432.jpg 768w, https:\/\/bonheurenboule.ca\/wp-content\/uploads\/2022\/09\/YOUPI-1536x864.jpg 1536w, https:\/\/bonheurenboule.ca\/wp-content\/uploads\/2022\/09\/YOUPI-1200x675.jpg 1200w, https:\/\/bonheurenboule.ca\/wp-content\/uploads\/2022\/09\/YOUPI-1980x1114.jpg 1980w, https:\/\/bonheurenboule.ca\/wp-content\/uploads\/2022\/09\/YOUPI.jpg 2048w\" sizes=\"auto, (max-width: 1024px) 100vw, 1024px\" \/><\/figure>\n<\/figure>\n\n\n\n<div class=\"wp-block-buttons is-content-justification-center is-layout-flex wp-container-core-buttons-is-layout-16018d1d wp-block-buttons-is-layout-flex\">\n<div class=\"wp-block-button alignleft\"><a class=\"wp-block-button__link wp-element-button\" href=\"https:\/\/dekdrummondjunior.com\/blog\/2024\/07\/19\/inscription-saison-automne-2024\/\" target=\"_blank\" rel=\"noreferrer noopener\">Inscription<\/a><\/div>\n<\/div>\n\n\n\n<p><\/p>\n","protected":false},"excerpt":{"rendered":"<p>Bonheur en boule est un programme visant la participation des jeunes ayant des besoins particuliers \u00e0 pratiquer une activit\u00e9 sportive selon leurs propres besoins. L\u2019objectif principal du programme est avant tout&nbsp;: le bien-\u00eatre, le plaisir, la s\u00e9curit\u00e9 et l&rsquo;inclusion des participants.<\/p>\n","protected":false},"author":1,"featured_media":41,"parent":0,"menu_order":0,"comment_status":"closed","ping_status":"closed","template":"","meta":{"_editorskit_title_hidden":false,"_editorskit_reading_time":1,"_editorskit_is_block_options_detached":false,"_editorskit_block_options_position":"{}","slim_seo":{"title":"BONHEUR EN BOULE","description":"Bonheur en boule est un programme visant la participation des jeunes ayant des besoins particuliers \u00e0 pratiquer une activit\u00e9 sportive selon leurs propres besoin"},"footnotes":""},"class_list":["post-13","page","type-page","status-publish","has-post-thumbnail","hentry"],"_links":{"self":[{"href":"https:\/\/bonheurenboule.ca\/index.php\/wp-json\/wp\/v2\/pages\/13","targetHints":{"allow":["GET"]}}],"collection":[{"href":"https:\/\/bonheurenboule.ca\/index.php\/wp-json\/wp\/v2\/pages"}],"about":[{"href":"https:\/\/bonheurenboule.ca\/index.php\/wp-json\/wp\/v2\/types\/page"}],"author":[{"embeddable":true,"href":"https:\/\/bonheurenboule.ca\/index.php\/wp-json\/wp\/v2\/users\/1"}],"replies":[{"embeddable":true,"href":"https:\/\/bonheurenboule.ca\/index.php\/wp-json\/wp\/v2\/comments?post=13"}],"version-history":[{"count":20,"href":"https:\/\/bonheurenboule.ca\/index.php\/wp-json\/wp\/v2\/pages\/13\/revisions"}],"predecessor-version":[{"id":337,"href":"https:\/\/bonheurenboule.ca\/index.php\/wp-json\/wp\/v2\/pages\/13\/revisions\/337"}],"wp:featuredmedia":[{"embeddable":true,"href":"https:\/\/bonheurenboule.ca\/index.php\/wp-json\/wp\/v2\/media\/41"}],"wp:attachment":[{"href":"https:\/\/bonheurenboule.ca\/index.php\/wp-json\/wp\/v2\/media?parent=13"}],"curies":[{"name":"wp","href":"https:\/\/api.w.org\/{rel}","templated":true}]}}